 s = -41 + 41. Let n(d) = -4*d + 107. What is the remainder when n(s) is divided by 36?
35
Suppose -2*r + 2*x = -3*r + 15, -5*r = 5*x - 50. Suppose 154 = r*o + 4. What is the remainder when 7 is divided by (-9)/(-6)*o/9?
2
Suppose 0 = 22*x - 29*x + 154. Calculate the remainder when 230 is divided by x.
10
Suppose -2*g + 4*g = 4. Suppose -g*z + 10 = -0*z + 2*x, 0 = -x + 5. Suppose z*a + 2*a = -8, 38 = 2*p - 2*a. What is the remainder when p is divided by 4?
3
Let a(d) = d**3 - 25*d**2 + 22*d + 63. Calculate the remainder when 278 is divided by a(24).
8
Suppose -3*s + 6*s = 222. Suppose 4*z = -r + 45, 3*r - r - s = -4*z. Calculate the remainder when r is divided by 10.
9
Let v = 1331 - 1320. Calculate the remainder when 59 is divided by v.
4
Suppose 0 = -j - 27 - 29. Calculate the remainder when 125 is divided by 55/22*j/(-10) + 4.
17
Let s(r) be the first derivative of 5/3*r**3 - 1/2*r**2 + 0*r + 7. What is the remainder when s(-3) is divided by 13?
9
Suppose -3 = m + b, 3*b = -4*m + 8*b - 12. Let q(a) = -a**2 - 8*a - 2. Suppose 0 = -6*o + o + 185. What is the remainder when o is divided by q(m)?
11
Suppose 86*r - 254 = 84*r. Calculate the remainder when r is divided by 8.
7
Let n(c) = 3*c**3 + 3*c**2 - 2*c. Let j be n(1). Suppose s - j = -6. Let g(i) = -3*i - 3. Calculate the remainder when 8 is divided by g(s).
2
Suppose -4*l - 2*u + 1138 = 0, -54 = -5*l - 4*u + 1376. Calculate the remainder when l is divided by 54.
12
Suppose 0 = 4*a - 4*b - 44, 53*a - 56*a + 2*b + 32 = 0. Let y = -7 + 23. Calculate the remainder when y is divided by a.
6
Let x = -58 - -103. Calculate the remainder when 4/6 - (-1320)/x is divided by 17.
13
Let a(z) = 6*z**3 - 4*z**2 + 3. Let r be a(3). Suppose 2*m + 5*x - 20 = 69, -r = -3*m - 3*x. What is the remainder when m is divided by 9?
6
Let n = -1369 - -1474. Calculate the remainder when 225 is divided by n.
15
Suppose -8*m = -73 - 151. What is the remainder when 4/16 - (-1253)/m is divided by 16?
13
Let v = 156 + -126. Calculate the remainder when 748 is divided by v.
28
Suppose 5*g + f - 3*f = 709, 4*g = -f + 562. Let d = 250 - g. What is the remainder when d is divided by 28?
25
Calculate the remainder when (4 - 3)/((-8)/(-2552)) is divided by 10.
9
Suppose 2 = -g - 3*h - 8, 0 = 4*g - 4*h - 8. What is the remainder when (3/9)/(g*2/(-162)) is divided by 6?
3
Let z(h) = h**3 + 12*h**2 + 24*h + 38. Calculate the remainder when 194 is divided by z(-9).
64
Let o(b) = 3*b**2 - 23*b + 6. Let z be o(10). Suppose 4*s = -5*a + z, -3*s + 2*a = a - 57. What is the remainder when s is divided by 3?
1
Let f be (-58)/(-6) - (-36)/27. Let i = f + 0. Let j = -9 - -61. Calculate the remainder when j is divided by i.
8
Let m be (-22)/121 - (-48)/22. Suppose m*u - 12 = -u. What is the remainder when 12 is divided by u?
0
Suppose 2*t + 30 - 40 = 0. Suppose -89 = -3*w - 3*p + 46, -t*p - 21 = -w. Calculate the remainder when w is divided by 15.
11
Let l = -14 + 33. Calculate the remainder when 59 - 2 - (6 + -3) is divided by l.
16
Suppose -5*t + 43 = 5*b - 3*t, 0 = -2*t + 8. Let p be 4/(-7) - 50/(-14). Let s = 22 + p. What is the remainder when s is divided by b?
4
Let h = -1213 + 1220. What is the remainder when 6/8 + (-378)/(-8) is divided by h?
6
What is the remainder when 549 is divided by (20/9)/(66/297)?
9
Let i = -3 + -9. Calculate the remainder when ((-100)/i - -2)*9 is divided by 24.
21
Let x(i) = 7*i - 6. Suppose 2*g - 5 - 23 = 0. Let f = g + -11. What is the remainder when 27 is divided by x(f)?
12
Let s(w) = -2*w**2 + 12*w - 1. Let a be s(9). What is the remainder when (-2925)/a - 2/11 is divided by 14?
11
Let m = 361 - 360. Calculate the remainder when 13 is divided by m.
0
Suppose 12*z + 3654 = 18*z. What is the remainder when z is divided by 61?
60
Let k(c) = c + 121. Suppose -21*a + 17*a = 0. Calculate the remainder when k(a) is divided by 41.
39
Suppose -50*p = -48*p - 350. What is the remainder when p is divided by 46?
37
Suppose 0 = 3*q + 3, -84 + 0 = -3*d - 3*q. Calculate the remainder when 85 is divided by d.
27
Let j(r) = -r**2 - 4*r - 3. Let x be j(-3). Suppose x = -5*k - 2*z + 30, 18 = 3*k + z + 2*z. Calculate the remainder when k is divided by 8/10*(0 + 5).
2
Suppose -120 = -x - 9*x. Suppose x*g = 10*g + 14. Suppose 113 = 3*u + 38. Calculate the remainder when u is divided by g.
4
Let m be (-10)/(-6)*(-6 - -9). Suppose 6*w - 9 = m*w. Calculate the remainder when 25 is divided by w.
7
Suppose -4*w = w - 105. What is the remainder when 62 is divided by w?
20
Suppose -4 = 2*v - 2, 5*f - 31 = v. What is the remainder when (-6)/9 - (-632)/12 is divided by f?
4
Let l(i) = 2*i**2 - 94*i + 126. Let g = 8 + 2. What is the remainder when l(46) is divided by g?
4
Let f = -33 + 37. Suppose 0 = f*g - 3*t - t - 24, t + 2 = 0. Suppose g*m = -d + 22 + 44, -2*m + d + 30 = 0. What is the remainder when 45 is divided by m?
13
Suppose 3*t - 70 = -16. Suppose s - 5*p - 28 = 30, -p = -3*s + 104. Calculate the remainder when s is divided by t.
15
Suppose 23*v - 69 = 20*v. Suppose 2*f - f = v. Calculate the remainder when 44 is divided by f.
21
Let r be (-1 - -1)/(10 - 9). Let w(y) = 2*y + 3. Let m = -3 + 5. What is the remainder when w(r) is divided by m?
1
Suppose -2*l - 3*c + 71 + 55 = 0, 5*l - 281 = c. What is the remainder when 216 is divided by l?
45
Let x = -42 - -69. What is the remainder when x is divided by 17?
10
Let q(g) = g**3 - 12*g**2 + 36*g - 56. What is the remainder when q(9) is divided by 18?
7
Let z(w) = w**3 - 4*w**2 - 3*w - 3. Let h be z(5). Let x = h - 5. Calculate the remainder when (-7)/(-2*4/8) is divided by x.
1
Let x = 0 - -6. Suppose -x*g + 54 = -3*g. What is the remainder when g is divided by 11?
7
Let d = -78 + 120. Suppose -6*b = -8*b + d. Suppose 0*w - 5*w = -40. What is the remainder when b is divided by w?
5
Suppose -3*j + 5*q + 21 = 0, -2*q = -3*j + 13 - 1. What is the remainder when 5 is divided by j?
1
Let g(q) = -q**3 + 7*q**2 - 5*q + 15. Suppose -k + 16 = 2*b, -2*k + 1 = -b - 1. Calculate the remainder when g(b) is divided by 12.
9
Let t(u) = u**3 + 8*u**2 - 12*u + 6. Let i be t(-9). Let o = i + -30. What is the remainder when 17 is divided by o?
2
Let z(x) = -x**3 + 6*x**2 + 2*x + 3. Let y(u) = -u**3 - u**2 - u - 2. Let d be y(-2). Suppose d*m = -m + 210. Calculate the remainder when m is divided by z(6).
12
Suppose q = -2*z + 11, -3*z = -3*q + 2*q + 11. What is the remainder when 143 is divided by q?
0
Suppose 0 = 2*q - 28 + 8. What is the remainder when 2438/(-212)*(-2)/(-4)*-4 is divided by q?
3
Let b be (-40)/(-32) - 6/(-8). Calculate the remainder when 85 is divided by -3*(-12)/b + (4 - 0).
19
Suppose -9*d - 4 = -10*d, 0 = -5*z - d + 59. Calculate the remainder when 50 is divided by z.
6
Let n(g) = 12*g**2 - 3*g + 6. What is the remainder when n(-4) is divided by 49?
14
Suppose n + 2*n = 7*n. Suppose -4*v - s + 273 = 0, 139 = 2*v - n*s + 3*s. Calculate the remainder when v is divided by 12.
8
What is the remainder when 144 is divided by (-858)/(-24) - 45/(-36)?
33
Let x(t) be the third derivative of t**6/120 + 3*t**5/20 - 11*t**4/24 + t**3/2 + 16*t**2. Calculate the remainder when 38 is divided by x(-10).
12
Suppose 299 = 4*m + p, -2*p = 3*m - 17 - 201. Calculate the remainder when m is divided by (-236)/(-9) + 8/(-36).
24
Let m(l) = -l**2 + 28*l - 23. Calculate the remainder when m(26) is divided by 17.
12
Suppose -s - 3*o = -0*s - 29, 3*s - o - 87 = 0. Let p(x) = 35*x - 1. Let t be p(3). Suppose 384 - t = 5*v. What is the remainder when v is divided by s?
27
Let o = -17 + 19. Suppose 0 = t + 4*r - 5, 0*t - 2*t + 23 = -5*r. Calculate the remainder when t is divided by o.
1
Suppose 11 = -7*q - 10. Calculate the remainder when 55 is divided by (q/(-2))/((-5)/(-70)).
13
Let d(c) = 8*c**2 - 9*c - 52. Calculate the remainder when d(-7) is divided by 199.
5
Let b be ((-5)/(50/(-126)))/((-4)/20). What is the remainder when ((-48)/9)/(6/b) is divided by 19?
18
Let w = -77 + 134. Suppose 0 = -y - 3*s - 0 + 11, 3*s + 29 = y. What is the remainder when w is divided by y?
17
Let r be 2/3*6*1. Suppose 4*s + 4*m - 1 = 95, -5*s - r*m + 123 = 0. What is the remainder when s is divided by 58/6 + 4*(-19)/(-228)?
7
Let l be 4/14 - (-32)/(-14). Suppose 0 = 5*j - 3*y - 51, 4*j + 0*y = y + 45. What is the 